- 21).
21
13 + -29 + 24 - (1 - -7)
0
What is -6 - (0 - (4 + (-11 - -6)))?
-7
Calculate 9 - (2 + -12 + 16).
3
-23 + 10 + (18 - 2)
3
What is ((4 - 1) + 4 - (-8 - -10)) + -8?
-3
What is -6 - (1 + -7 + 10 + -2)?
-8
7 - (11 + (2 + -2 - (34 - 35)))
-5
Calculate 20 + -24 - (-1 - -4) - 4 - 3.
-14
What is -7 - (-12 + 7 + 11)?
-13
Evaluate -13 - -7 - 1 - (5 + -3).
-9
(-9 + -4 - -9 - 11) + 4
-11
What is 5 + (-1 - 5) + 15 + -5?
9
Calculate (15 - 0 - 6) + 1 + -18 + -5.
-13
Evaluate -25 + 27 - (0 - (-2 + 0)).
0
What is -3 - (2 + -2) - (-5 + -1 + 2)?
1
-13 + 37 + -13 + (-2 - 32)
-23
What is 36 - (-21 + -45 + 66)?
36
Evaluate 8 + (6 - 12) + -12.
-10
What is 1 - (3 - (-17 + 39))?
20
Calculate 5 - ((-11 - -6) + -3 + 2).
11
What is the value of 4 - (0 + (-10 - -25 - 4 - 1))?
-6
5 - (0 - -6 - 4 - (3 + -6))
0
Calculate -19 - (24 + -1 + -23).
-19
What is the value of -16 - -29 - (-3 - -4)?
12
What is 1 + -1 - (158 + -158) - 32?
-32
-5 - (-4 + (2 - 4 - -6 - -3))
-8
Calculate (89 - 74) + (1 - 4) + -3 - 6.
3
What is the value of 33 + (-55 - -29 - -29)?
36
What is the value of 19 + 7 - (-14 + 43)?
-3
What is the value of -12 - (-6 + 17 - 27) - (40 + -1)?
-35
Evaluate (14 - (8 - -1)) + -17 + 3.
-9
14 + -6 + -7 - (4 + -18)
15
Calculate 3 - 1 - (18 + -35 + 33).
-14
Evaluate (19 - (-8 - -16 - 0)) + 8 + 0.
19
Calculate -5 + (1 - -4) + 4 + 0 + -5.
-1
Evaluate 2 + -1 + -13 + (2 - -11) + 7.
8
Calculate (-9 - (-6 + 3)) + 26 + (0 - 7).
13
What is the value of 14 - (18 + 3) - (-1 - 14)?
8
Evaluate 2 + -1 + (39 - (31 - -6)).
3
What is the value of 16 - -4 - (-94 - -101)?
13
What is the value of 810 + -824 + (2 - 2 - (1 + -3))?
-12
What is 8 + 3 + 0 - 9 - (0 - 4)?
6
Calculate (19 - ((5 - -1) + -2 + -7)) + 5.
27
What is the value of -15 - ((-22 - -21) + -5)?
-9
Evaluate (-5 + -17 - (0 - 1)) + (4 - -2).
-15
What is the value of -3 - (-27 + -1) - -10?
35
Calculate 8 - (6 - (4 - -2)).
8
(6 - (0 + 5)) + (14 - -8)
23
Calculate (3 - (-3 - -8) - (4 - -1)) + 22.
15
What is -3 + (-17 - (15 - 59)) + (1 - -10)?
35
-3 + (32 - 11 - (0 - -7 - 2))
13
-24 + 189 + -181 + 1 + -8
-23
What is the value of (0 - -10) + (5 - 3)?
12
What is 6 - (-7 - -18 - (2 - (4 + 3)))?
-10
What is the value of -2 + (-22 + 60 - 13)?
23
Calculate 2 - -1 - (-27 - -26).
4
0 + -2 - ((5 - -11) + 2)
-20
31 + -19 + -15 + 6
3
Calculate 12 - (13 - 6 - -3).
2
1 + -9 - (-33 + 20)
5
What is (-12 + 5 - -16) + -11 - -10?
8
What is the value of -3 + -4 - -8 - -4?
5
What is -13 + (9 - (7 - -2)) + -2?
-15
-229 + 233 - (0 + 10)
-6
Evaluate 7 - 5 - 9 - (18 - 9).
-16
Calculate -6 + -8 + 7 + (11 - -14 - -4).
22
Evaluate 789 + -828 + (18 - -1).
-20
What is 2 - -2 - (-3 + (-5 - -8)) - -5?
9
What is -5 + -1 + -3 + (-7 - (-8 + 5))?
-13
Calculate (5 + -10 + -1 - 7) + 7.
-6
What is the value of (1 + -2 - -1) + (-15 + 61 - 40)?
6
Evaluate -1 + -6 + 31 + -26 + 2 + -13.
-13
Calculate 27 + (9 + 19 - 52).
3
-1 + (-7 - -14) + -16 - -6
-4
What is 11 + -4 - (-1 - (1 - 13))?
-4
-24 + -6 + 11 - -21
2
What is 4 - -1 - (12 - -16 - 40)?
17
What is 9 + (-20 - 16) + 9 + 6?
-12
What is (19 - 0) + 1 + (75 - 74) - -3?
24
Calculate (-17 - (1 + -8)) + 8 + 23.
21
What is the value of 8 + 3 + 6 + -18 - (0 - 3)?
2
What is 13 + (-26 + 0 - (24 - 17))?
-20
What is the value of -5 - (4 + 0 - 8 - -10)?
-11
Evaluate 8 + -2 - (3 - -5 - 2) - -4.
4
What is the value of 2 + 28 + -2 + (10 - (-8 + 22))?
24
What is -1 + 2 + (2 - (1 + 12))?
-10
What is 0 - -10 - (177 - 171)?
4
Calculate -29 - (1 - (15 - (-10 + 7) - 11)).
-23
What is the value of 22 + 37 + -65 + -8?
-14
Evaluate 24 - (7 + -16 + -1 + 19).
15
Calculate 18 - 2 - (13 + -17).
20
Calculate 223 + -213 + (2 - (8 - -2)).
2
0 + (36 - 30) - 17
-11
10 - (-25 - (14 + -37))
12
Calculate (18 + 2 - 1) + -26.
-7
What is the value of (-6 - -8) + -4 - -1 - -6?
5
What is the value of -2 + -15 - (205 + -210)?
-12
What is 4 - ((-27 - -42) + -13)?
2
What is the value of 31 + (3 - 10 - (1 - 7))?
30
-3 - 1 - (-29 + (52 - 15))
-12
What is (-4 - 15 - 1 - -21) + -17 + -1?
-17
What is 66 - 75 - (10 + 0 + -3)?
-16
-9 + 0 + (6 - (-2 + 16))
-17
-30 + -15 + 43 - (10 - 1)
-11
What is 3 + (0 - 0) + 32 + -28?
7
Evaluate 4 + -5 + -8 + (-3 - (2 - 3)).
-11
Calculate (13 - (8 - -12) - 1) + -7.
-15
What is 34 + -30 + (7 - 0) - -2?
13
-10 + 21 - (22 - 21)
10
(5 - 0) + -16 + 3 - (-15 - 1)
8
What is the value of 0 + 1 + (9 - 13)?
-3
What is 13 - ((-12 - -6) + 21)?
-2
2 + -7 + 235 + -230
0
Calculate 753 + -774 + (24 - 1).
2
What is the value of 1 + -4 - (-8 - (0 + 1))?
6
Calculate 16 + -3 + (10 - 0) + -8.
15
What is -1 + 0 + (-20 - 2) - (276 + -281)?
-18
(60 - 48) + -29 + -2
-19
8 + (5 - 8) + -1 + 7
11
Calculate -36 + (-2 - -23) + 14.
-1
Evaluate 5 + -135 + 130 + (-1 - 5).
-6
Calculate (17 - 29) + 3 + 18.
9
Calculate 10 + (-7 - -8 - 6) + 16 - 3.
18
(33 - (-4 - -17)) + -8
12
What is the value of -3 - ((13 - (7 + -1)) + 0)?
-10
What is (-39 - -124) + -35 - (3 - -15)?
32
-8 + (0 - (-22 - -4))
10
What is -12 + -5 - (-29 - 0)?
12
Calculate -289 + 276 - (-22 + 1).
8
What is 304 + -320 + 0 + 11?
-5
(11 - 0) + (-15 - -18 - 21 - -41)
34
What is (-10 - -5 - -16) + -15?
-4
5 + (12 - (-24 - (0 - 10)) - 8)
23
What is the value of (9 - (-4 - -6 - 0)) + (-5 - 14)?
-12
Calculate -19 - (13 - (23 + -2)).
-11
What is -5 - (-5 + (-1 - (-27 + 19)))?
-7
What is 20 - (-5 + 27) - -3?
1
Calculate 5 - (1 + -3) - (-10 - -12 - 2).
7
Calculate (2 - -1) + 67 + -58 + -2 + -10.
0
Evaluate -4 + 12 - (7 + -12) - -10.
23
What is the value of -3 + 7 - (-11 + 1 - (-35 + 38))?
17
Calculate -529 + 554 - (-1 + (1 - -19)).
6
What is the value of (-2 - -9) + (-3 - (3 + -11))?
12
Calculate 21 - (-3 - -16 - (3 + 7)).
18
Evaluate -7 - (10 + 0 - 7).
-10
What is (-17 - 8) + (20 - 5)?
-10
Calculate -7 + -2 - (64 + -76).
3
Calculate 13 - 3 - 6 - (5 - 4).
3
3 + -3 + (23 - 1) - (6 + -4)
20
What is -6 + -2 + -2 + 0 + -8 + 6?
-12
What is the value of (25 + -23 - -10) + (-1 - 6)?
5
Evaluate -39 + 9 + 12 - -18.
0
Calculate -20 + 4 + (-11 - -12) - -3.
-12
What is the value of -28 - ((0 - (-2 + 18)) + (431 - 421))?
-22
What is (-8 - (4 - (8 + -4 + 4))) + 13?
9
What is the value of 41 + -40 - (17 + -5)?
-11
Calculate -10 - (0 - 0) - (-50 - 15 - -88).
-33
What is the value of -4 + 4 - ((-10 - -15) + 0) - 4?
-9
What is the value of 7 - ((-1 - -13) + (-12 - -5)) - -2?
4
What is the value of 3 + (6 - 2) + (9 - 7) + 5?
14
14 - (0 + (-4 - (5 - 1)) + 3)
19
Evaluate -8 + ((-26 - -11) + 9 - (3 - 7)).
-10
What is -9 - (9 - (-3 + 12 + 9))?
0
1 + -10 + 50 + -31 + -5 + 6
11
What is (-5 - 0) + (3 - (3 + 9 - 8))?
-6
-5 + (9 - 4) - (6 + -11) - 11
-6
What is (-5 - -6) + 4 - (13 + -15)?
7
What is the value of (-6 - -26) + -15 + (-4 - 2)?
-1
What is the value of 25 + -8 + -19 + 0 + -10?
-12
Calculate 21 + 5 + -7 + -5.
14
What is the value of (11 - 2) + 8 + -23?
-6
What is the value of (-2 - (-10 - ((-7 - -6) + -3))) + -16?
-12
Evaluate (19 - (36 - 42)) + -44.
-19
-1 + (4 - 0) + (-15 - (-12 - -5))
-5
What is the value of -46 + (5 - -21) - -25?
5
Calculate -6 + (-6 + 16 - (-25 - -46)).
-17
Calculate 13 + -25 + 6 + -8.
-14
What is the value of (2 - -4) + -115 + 111?
2
What is 96 - 113 - (-26 - 1)?
10
Evaluate (13 - (8 - 1)) + -7.
-1
-1 + (-3 - (-3 + (10 - (25 + 9))))
23
What is 12 - (11 - (-4 + -15 + 41))?
23
6 + 1 + -6 + -3 + (6 - -6)
10
What is (1 - 8) + -10 - -15?
-2
Calculate -36 + 15 + -10 + 34.
3
Evaluate (-14 - (14 + (17 - 41))) + -12.
-16
Evaluate 0 - (3 - 1 - -5) - -4 - 6.
-9
What is (-4 - (14 - 3 - -3)) + -6 + -1?
-25
-2 + 7 + (7 - (4 + 9 + -3))
2
What is the value of 586 - 622 - (-65 - 1)?
30
-7 + -11 + -7 + 4 + 9 + -13
-25
Calculate -90 + 103 - (6 - 12 - -22).
-3
What is the value of 4 - 0 - 10 - (9 - 5)?
-10
What is 5 - (0 + -8 + (-13 - (-30 - 26)))?
-30
What is the value of (-12 - 2) + (-31 - -54 - 37)?
-28
What is (17 - 3) + 4 + 6 + -15 + 0?
9
Evaluate -3 - 1 - (325 - 335).
6
Calculate 12 - (-3 + (-2 + -1 - 1) - -2).
17
Calculate 10 + 2 + 8 + -23.
-3
-17 - -11 - (52 + -38)
-20
(8 - 23) + (11 - (1 - -6))
-11
Calculate -1 + 0 + -8 + 5 + 1 + 4.
1
Calculate -6 + (-7 - -1) + (5 + 12 - 10).
-5
Calculate 1 - -1 - (-7 - (-12 - (0 - 0))).
-3
Evaluate -16 - (1 + -20) - 13.
-10
What is 9 - (9 - (3 + 5 + 2))?
10
Evaluate 2 - (-2 + 2) - (-151 - -156).
-3
What is 9 + -24 - -14 - ((0 - -2) + 5)?
-8
Calculate (-12 - -31 - 43) + (0 - -5)